vided by 20?
12
What is the remainder when 309 is divided by 28?
1
Calculate the remainder when 1314 is divided by 15.
9
What is the remainder when 69 is divided by 20?
9
Calculate the remainder when 1507 is divided by 26.
25
What is the remainder when 161 is divided by 11?
7
Calculate the remainder when 914 is divided by 297.
23
Calculate the remainder when 289 is divided by 34.
17
Calculate the remainder when 2778 is divided by 553.
13
What is the remainder when 234 is divided by 113?
8
Calculate the remainder when 194 is divided by 92.
10
Calculate the remainder when 385 is divided by 57.
43
What is the remainder when 967 is divided by 22?
21
What is the remainder when 233 is divided by 39?
38
Calculate the remainder when 1132 is divided by 67.
60
What is the remainder when 358 is divided by 76?
54
What is the remainder when 80 is divided by 26?
2
What is the remainder when 225 is divided by 110?
5
What is the remainder when 1237 is divided by 5?
2
What is the remainder when 937 is divided by 466?
5
What is the remainder when 2289 is divided by 763?
0
What is the remainder when 2443 is divided by 102?
97
Calculate the remainder when 385 is divided by 83.
53
Calculate the remainder when 234 is divided by 109.
16
Calculate the remainder when 18 is divided by 4.
2
Calculate the remainder when 177 is divided by 65.
47
What is the remainder when 155 is divided by 6?
5
What is the remainder when 31099 is divided by 100?
99
Calculate the remainder when 617 is divided by 20.
17
Calculate the remainder when 510 is divided by 86.
80
What is the remainder when 1624 is divided by 791?
42
What is the remainder when 2543 is divided by 52?
47
What is the remainder when 56 is divided by 25?
6
What is the remainder when 14 is divided by 3?
2
Calculate the remainder when 14 is divided by 14.
0
What is the remainder when 16364 is divided by 49?
47
Calculate the remainder when 111 is divided by 8.
7
What is the remainder when 562 is divided by 27?
22
What is the remainder when 1608 is divided by 320?
8
Calculate the remainder when 1484 is divided by 20.
4
What is the remainder when 226 is divided by 90?
46
What is the remainder when 356 is divided by 6?
2
Calculate the remainder when 779 is divided by 26.
25
Calculate the remainder when 154 is divided by 29.
9
Calculate the remainder when 552 is divided by 188.
176
Calculate the remainder when 369 is divided by 35.
19
What is the remainder when 387 is divided by 5?
2
What is the remainder when 492 is divided by 35?
2
Calculate the remainder when 273 is divided by 20.
13
What is the remainder when 407 is divided by 8?
7
Calculate the remainder when 752 is divided by 128.
112
What is the remainder when 121 is divided by 67?
54
Calculate the remainder when 900 is divided by 21.
18
What is the remainder when 309 is divided by 148?
13
Calculate the remainder when 104 is divided by 102.
2
Calculate the remainder when 626 is divided by 119.
31
What is the remainder when 254 is divided by 43?
39
Calculate the remainder when 31677 is divided by 66.
63
Calculate the remainder when 732 is divided by 38.
10
What is the remainder when 1443 is divided by 244?
223
What is the remainder when 281 is divided by 47?
46
Calculate the remainder when 2568 is divided by 103.
96
Calculate the remainder when 158 is divided by 5.
3
Calculate the remainder when 44027 is divided by 170.
167
Calculate the remainder when 1853 is divided by 454.
37
Calculate the remainder when 241 is divided by 103.
35
What is the remainder when 82 is divided by 27?
1
What is the remainder when 662 is divided by 92?
18
What is the remainder when 25 is divided by 9?
7
Calculate the remainder when 1316 is divided by 95.
81
Calculate the remainder when 689 is divided by 21.
17
What is the remainder when 4498 is divided by 25?
23
What is the remainder when 219 is divided by 72?
3
What is the remainder when 4047 is divided by 81?
78
What is the remainder when 538 is divided by 87?
16
What is the remainder when 1667 is divided by 6?
5
Calculate the remainder when 1309 is divided by 69.
67
What is the remainder when 109 is divided by 38?
33
What is the remainder when 54 is divided by 50?
4
Calculate the remainder when 64 is divided by 33.
31
Calculate the remainder when 55 is divided by 16.
7
What is the remainder when 374 is divided by 46?
6
What is the remainder when 726 is divided by 10?
6
What is the remainder when 1094 is divided by 217?
9
What is the remainder when 421 is divided by 29?
15
What is the remainder when 160 is divided by 87?
73
Calculate the remainder when 529 is divided by 459.
70
Calculate the remainder when 2052 is divided by 232.
196
What is the remainder when 506 is divided by 132?
110
What is the remainder when 510 is divided by 57?
54
What is the remainder when 109 is divided by 33?
10
What is the remainder when 2859 is divided by 53?
50
What is the remainder when 62423 is divided by 306?
305
What is the remainder when 44 is divided by 1?
0
Calculate the remainder when 1272 is divided by 25.
22
What is the remainder when 340 is divided by 13?
2
What is the remainder when 2499 is divided by 20?
19
Calculate the remainder when 32 is divided by 2.
0
Calculate the remainder when 1197 is divided by 80.
77
What is the remainder when 2507 is divided by 19?
18
What is the remainder when 1039 is divided by 65?
64
Calculate the remainder when 46 is divided by 38.
8
Calculate the remainder when 551 is divided by 108.
11
Calculate the remainder when 2573 is divided by 32.
13
What is the remainder when 2720 is divided by 22?
14
Calculate the remainder when 18717 is divided by 191.
190
Calculate the remainder when 44 is divided by 11.
0
Calculate the remainder when 965 is divided by 44.
41
Calculate the remainder when 271 is divided by 34.
33
Calculate the remainder when 107 is divided by 43.
21
Calculate the remainder when 110 is divided by 57.
53
Calculate the remainder when 461 is divided by 67.
59
Calculate the remainder when 365 is divided by 17.
8
What is the remainder when 1325 is divided by 58?
49
What is the remainder when 688 is divided by 24?
16
Calculate the remainder when 5553 is divided by 27.
18
What is the remainder when 550 is divided by 12?
10
What is the remainder when 1845 is divided by 88?
85
What is the remainder when 224 is divided by 38?
34
Calculate the remainder when 1141 is divided by 22.
19
Calculate the remainder when 661 is divided by 35.
31
What is the remainder when 926 is divided by 65?
16
Calculate the remainder when 2072 is divided by 34.
32
Calculate the remainder when 371 is divided by 25.
21
What is the remainder when 50 is divided by 39?
11
What is the remainder when 811 is divided by 43?
37
Calculate the remainder when 190 is divided by 14.
8
Calculate the remainder when 166 is divided by 12.
10
Calculate the remainder when 226 is divided by 10.
6
Calculate the remainder when 156 is divided by 21.
9
Calculate the remainder when 3214 is divided by 1068.
10
Calculate the remainder when 134 is divided by 5.
4
Calculate the remainder when 2471 is divided by 11.
7
Calculate the remainder when 150 is divided by 47.
9
What is the remainder when 499 is divided by 302?
197
What is the remainder when 32 is divided by 4?
0
What is the remainder when 741 is divided by 124?
121
What is the remainder when 526 is divided by 66?
64
What is the remainder when 334 is divided by 12?
10
Calculate the remainder when 448 is divided by 190.
68
What is the remainder when 262 is divided by 24?
22
Calculate the remainder when 13802 is divided by 203.
201
Calculate the remainder when 52 is divided by 11.
8
Calculate the remainder when 727 is divided by 119.
13
Calculate the remainder when 71 is divided by 65.
6
Calculate the remainder when 192 is divided by 33.
27
Calculate the remainder when 609 is divided by 99.
15
What is the remainder when 584 is divided by 9?
8
What is the remainder when 62 is divided by 8?
6
What is the remainder when 69 is divided by 4?
1
Calculate the remainder when 70 is divided by 27.
16
Calculate the remainder when 253 is divided by 59.
17
What is the remainder when 1092 is divided by 289?
225
What is the remainder when 29 is divided by 11?
7
What is the remainder when 48 is divided by 37?
11
What is the re